
-4
Let m(h) be the third derivative of 0 + 1/24*h**4 + 0*h + 0*h**3 - 4*h**2. Let f be ((-60)/(-25))/(8/20). Determine m(f).
6
Suppose 0 = 5*m + 5*l + 225, -3*m + 5*l = 2*m + 235. Let d be m/4*(5 + -7). Let q = -17 + d. Let g(y) = y**2 - 6*y + 8. Give g(q).
8
Let r = -1 + 4. Suppose -2*b = -r*f - b + 12, -2*b = 4*f - 16. Let k(d) = -d**3 - d + f*d**2 - 7 + 3*d + 2*d**2. Determine k(6).
5
Let l(f) = -f - 5. Suppose -2*z + 5*b + 33 = 0, 2*z + 0*b - 3*b = 23. Suppose 3*g = 2*g - 4*t + 17, -z*t + 29 = -3*g. Determine l(g).
-2
Let o(k) = 2*k + 6. Suppose 5*y + 142 - 52 = 0. Suppose 0 = 3*f - 45 - 9. Let u be y/4*24/f. Give o(u).
-6
Suppose 5*t = t + 4. Suppose -r = -0*r - 3. Let i = t + r. Let b(f) = -f**3 + 4*f**2 + 2*f - 5. Give b(i).
3
Let h(o) = -3. Let t(l) = -1. Let p(q) = 2*h(q) - 7*t(q). Let i(m) = -5*m + 3. Suppose 2*u = -2*u + 16. Let x(v) = u*p(v) - i(v). What is x(-1)?
-4
Let j(b) = 4. Let w(f) = -30*f + 120. Let g(d) = -30*j(d) + w(d). What is g(-1)?
30
Let i(w) be the second derivative of -w**5/20 + w**4/6 + w**3/6 - 9*w. Let l = 8 + -5. Suppose -2*q + l*q - 2 = 0. Determine i(q).
2
Let l = 18 + -12. Suppose -3*i + 0*i = -l. Suppose i*w = -w. Let d(c) = c**2 + c + 4. What is d(w)?
4
Let l = 44 - 23. Let y = 17 - l. Let d(s) = 20*s + 46. Let v(k) = 4*k + 9. Let r(g) = 3*d(g) - 16*v(g). Determine r(y).
10
Let k(c) be the second derivative of c**4/3 + c**3/6 - 3*c**2/2 + 4*c + 11. What is k(-3)?
30
Let q(z) = -9*z - 5. Let s(b) = -12 + 2097*b + 1 - 2116*b. Let t(u) = 13*q(u) - 6*s(u). Calculate t(-1).
4
Let x = 22 + -19. Let f(k) = k**2 + 11*k**x - 10*k**3 - 12 + 0*k - k. Calculate f(0).
-12
Let t = -1388 - -1393. Let c(h) be the second derivative of -4*h - 4/3*h**3 - 3*h**2 + 0 + 1/20*h**t + 1/4*h**4. Calculate c(-5).
-16
Let v(z) = 2*z**3 - 2*z**2 + 3*z - 3. Let g = 10 + -5. Suppose 0 = 5*m - 4*c + 10, 0 = -2*m - 0*m - g*c + 29. Suppose -p + 0 = -m. What is v(p)?
11
Suppose 5*f - 14 = t, -3*t = f - 4*t - 6. Let s(c) be the third derivative of -c**6/120 + c**5/20 - c**4/12 - c**3/6 - 5*c**2. Calculate s(f).
-1
Let j(y) = y**2 - 11*y - 2. Let w(h) = h. Let d(a) = -j(a) - 6*w(a). Suppose 0 = l - 1 - 9. Let k be (-3)/(((-6)/l)/1). What is d(k)?
2
Let c(h) be the third derivative of 1/120*h**6 - 1/3*h**3 + 0 + 4*h**2 + 0*h + 1/30*h**5 - 1/24*h**4. What is c(-2)?
0
Let a(q) = -5*q**2 - 2*q + 1. Suppose 5 = 5*k - 0. What is a(k)?
-6
Let c(h) be the first derivative of -h**5/60 + h**4/8 - h**3/2 - 3*h**2/2 + 5. Let x(i) be the second derivative of c(i). Suppose 9*n - 28 = -1. Give x(n).
-3
Let z(p) = -3*p**2 + 8*p + 4. Let d(q) = -2*q - 6. Let u be d(-2). Let r(n) = -n**2 + n. Let h(l) = u*r(l) + z(l). Determine h(5).
9
Let s(g) = g**2 - 14*g + 11. Let a(b) = -b**2 + 13*b - 11. Let w(n) = 5*a(n) + 4*s(n). Give w(8).
-3
Let c(o) = 5*o - 2*o**2 - o**2 - 9 + 15 + 2*o**2. Determine c(5).
6
Let w(g) = g + 5. Let u = -168 - -90. Let k = 73 + u. Determine w(k).
0
Let u = 108 - 106. Let n(t) = -2*t + 5. What is n(u)?
1
Let o(m) be the second derivative of 30*m - 7/2*m**2 - 1/6*m**3 + 0. Give o(-5).
-2
Suppose 1 - 7 = 3*s, 0 = -4*l + 5*s - 122. Let m be -33 - ((2 - 1) + -3). Let h = l - m. Let x(o) = -o**3 - 2*o**2 - 3*o - 1. Determine x(h).
5
Let x(w) be the third derivative of 0*w - 2/3*w**3 + 0 - 1/24*w**4 - 5*w**2. Suppose 0 = 2*d - 7*d. Calculate x(d).
-4
Let l(i) = -i**3 - 5*i**2 + 8*i - 2. Let r(j) = -2*j**3 - 10*j**2 + 18*j - 3. Let o(d) = 5*l(d) - 2*r(d). Calculate o(-5).
-24
Let x be 114/(-24) - ((-2)/(-27) - 1520/(-8640)). Let m(y) = 7 + 2*y**3 + 0*y - y**3 + 2*y + 5*y**2. Give m(x).
-3
Let w = 157 + -156. Let g(k) = 5*k**2 - 1. Determine g(w).
4
Let s(c) = -c**3 + 4*c**2 + 4*c + 2. Let i = -128 - -214. Suppose -4*l = -2*h - i, -4*h - 65 = -3*l - 3*h. Let t = l - 17. Determine s(t).
-3
Let z(w) = w**3 + 15*w**2 + 13*w - 20. Suppose -30 = -c - 44. Let a be z(c). Let t(b) = -b. Calculate t(a).
6
Let y(s) = -s - 3. Let x be y(-3). Let l(b) be the first derivative of 2*b + x*b - 5 + b**2 + 11. What is l(-2)?
-2
Suppose 10 = -2*k, -16*c + 13*c + 3*k = 0. Let t(d) = 2*d**2 + 10*d - 1. Calculate t(c).
-1
Let h = 71 + -59. Suppose r + 5 - h = 0. Let i(a) = a**2 - 4*a - 7. Determine i(r).
14
Let c(b) be the second derivative of b**5/20 - b**4/2 + 2*b**3/3 + 2*b**2 - 405*b. What is c(4)?
-12
Let h = 338 + -336. Let z(g) be the second derivative of 1/12*g**4 - 2*g + 0 - 3/2*g**2 + 1/2*g**3. Calculate z(h).
7
Let i(b) = b**3 - 5*b**2 + 2*b + 3. Let t(k) = -2*k - 10. Let x be t(-7). Suppose 0 = 5*a + 3*u - 37, -3*u = -a - x - 3. Let c = -1 + a. Give i(c).
-5
Let n = -1091 - -1094. Let p(s) = s**3 - 2*s**2 - 5*s + 3. Give p(n).
-3
Let i(x) = -x**2 - 15*x + 3. Let j be (5/4)/(2*12/(-288)). Determine i(j).
3
Let l(u) = -u. Let b be (2 - 1)*1/1. Let g(s) = -2*s - 3. Let z(i) = b*g(i) - 6*l(i). Let w = -2 - -4. Calculate z(w).
5
Let h(a) be the second derivative of a**4/12 + 2*a**3/3 - a**2/2 - 4*a. Let l(v) = 2*v + 1. Let m be l(1). Calculate h(m).
20
Let s(v) = v**2 - 2*v - 10. Let i = -95 - -100. Determine s(i).
5
Suppose 0*o + 3*o - 30 = 0. Let d be o/1*(-1)/(-2). Let j be ((-7)/d - -1)*-5. Let r(t) = -t**3 + 2*t**2 + 3*t - 3. Determine r(j).
3
Let m(x) = -x - 12*x**3 + 21 - x**2 + 7*x**3 + 2*x + 4*x**3. Determine m(0).
21
Let q(l) be the first derivative of l**3/3 + 2*l**2 - 3. Let b be 0/2 + (3 - 1). Suppose 4*s - 2*r = -18, b*r = -s - s. Calculate q(s).
-3
Let q = -10 + 13. Let l(f) be the first derivative of f**2/2 - 3*f - 16. Let s be l(q). Let y(c) = -c - 5. Calculate y(s).
-5
Let a(n) = 143 + n + 160 - 319. Give a(12).
-4
Let q(b) = 7 + 10*b**2 + 5*b**2 - 22*b**2 - 5*b - b**3. Suppose 20 = -5*p - 0*p. Let j(d) = d**2 + 6*d + 2. Let l be j(p). Give q(l).
1
Let x = -3 - -2. Let b(d) = -187*d + 174*d + 3 - 4. What is b(x)?
12
Let v(b) = -5*b + 16. Let m(p) = -11*p + 37. Let z(x) = 4*m(x) - 9*v(x). Calculate z(-2).
2
Let c(d) = 4*d - 3. Let s be c(-12). Let h = 43 + s. Let u(m) = -m**2 - 7*m + 1. What is u(h)?
-7
Let n(g) = -g**2 + 7*g + 2. Suppose 2 = -2*u + 12. Suppose u*a = 19 + 11. Calculate n(a).
8
Let g(s) = 5*s - 5. Let x(h) = 9*h - 32. Let d be x(4). Give g(d).
15
Let i(d) = -12*d + 40*d - 15*d - 12 - 14*d. Determine i(-10).
-2
Let h(j) = 3*j**2 + j + 1. Suppose 0 = -8*b + 3*b + 5. Determine h(b).
5
Let g(l) = -l - 4. Let m(i) = -41*i + 363. Let v be m(9). What is g(v)?
2
Let p be (2 + (-3 - -2))/((-9)/(-18)). Let u(w) = -3 - 4*w**p + 3*w**2 - 1 + 6 - 2*w. Determine u(-4).
-6
Suppose 5 = -4*y + 25. Let i(n) = -2*n**2 + 3*n + 5. Give i(y).
-30
Suppose 14 = 4*f - 6. Let j(r) = r**2 - 4*r - 2. Let w be j(f). Let p(b) = -b**3 + 5*b - 3. Give p(w).
-15
Let i(x) be the third derivative of 1/20*x**5 - 1/2*x**3 + 0*x + 0 - 1/8*x**4 + 18*x**2. What is i(-2)?
15
Let r(d) = 43*d + 62. Let j(i) = -i - 2. Let x(c) = 6*j(c) + r(c). Let z(k) = 13*k + 17. Let h(l) = -6*x(l) + 17*z(l). Determine h(-9).
-2
Let u be (-78)/(-546) - 2/(-7)*17. Let p(f) = 7*f**2 - 18*f - 2. Let w(k) = -4*k**2 + 9*k + 1. Let v(j) = 3*p(j) + 5*w(j). Determine v(u).
-21
Let q(x) = 143*x - 8 - 3*x**2 - 71*x + 2*x**2 - 64*x. Let o(l) = -l**2 - 9*l + 6. Let j be o(-9). Give q(j).
4
Let i be -8 - -14 - 12 - -5. Let r(y) = y**3 - y - 1. Give r(i).
-1
Let t(i) = -12*i + 3. Let n(w) = 50*w - 13. Let c(y) = -2*n(y) - 9*t(y). Calculate c(-2).
-17
Let n = 51 + -87. Let m be (n/(-8) - 2)*2. Let q(t) = t**2 - 3*t + 6. Determine q(m).
16
Let y be (-18)/(-8) - 6/(-24)*-1. Let p(b) = -y*b + b + 4 + 1 + 3. Determine p(7).
1
Suppose 0 = 2*m + 8, 3*m = 2*k + 2*m. Let g(z) = -3*z**3 - 5*z**2 + 3*z + 1. Let j(i) = -3*i**3 - 4*i**2 + 2*i + 1. Let a(s) = 2*g(s) - 3*j(s). Give a(k).
-17
Suppose -c + 2*g = 4*c + 7, -c - 5*g = -4. Let b = 236 - 238. Let n = c - b. Let k(w) = -8*w**3 + 2*w**2 - 1. Determine k(n).
-7
Let g be (-3)/((-81)/1653) - (-2)/(-9). Suppose -66*y - 30 = -g*y. Let h(w) = -w**3 - 7*w**2 - 5*w + 8. Give h(y).
2
Let d(z) = 0 + 0 - 4*z + 13 + 5*z + 3*z. Calculate d(-3).
1
Suppose -3*b + 67 = 58. Let z(r) = r**2 - 5*r + 3. Determine z(b).
-3
Let r(y) be the third derivative of -y**5/15 + y**4/4 - 5*y**3/6 + 188*y**2. Determine r(3).
-23
Suppose -4*b = -6 - 6, -b = -4*m - 31. Let g(r) = -54*r + 11. Let h(n) = -43*n + 11. Let o(x) = 4*g(x) - 5*h(x). Determine o(m).
-4
Let f(o) = 5*o + 61. L